lculate the highest common factor of k and 12.
3
Let x be (-1402)/(-4) + (-1 - (-12)/8). What is the highest common divisor of 78 and x?
39
Let w be (((-96)/18)/8)/(2/6). Let s be w*1/2 + 25. Calculate the greatest common factor of 8 and s.
8
Let n(h) = h**3 - 8*h**2 - 13*h + 10. Let r be n(9). Let o be 1/((-2)/r) + 1. Suppose o - 2 = v. What is the greatest common factor of 8 and v?
4
Suppose -r = 4*x - 649 + 84, -25 = -5*r. What is the greatest common factor of x and 210?
70
Let s(w) = -w**2 - 17*w - 24. Let r be s(-12). Calculate the highest common divisor of 96 and r.
12
Suppose -3*a = -5*s - 1045, -5*a - 4*s = -1882 + 128. Calculate the greatest common divisor of 70 and a.
70
Let l(p) be the first derivative of 305*p**4/4 + p**3 - p**2/2 - p - 26. Let d be l(1). Calculate the greatest common factor of d and 34.
34
Let f = -1931 + 2186. Calculate the greatest common divisor of f and 45.
15
Let p be 35/(-5 + 11/2). Suppose p = 2*y - 18. Calculate the greatest common divisor of y and 4.
4
Let h = -388 - -526. Calculate the highest common factor of h and 36.
6
Suppose 62 = 3*n - 0*q + 4*q, -10 = -2*q. Suppose 3*h - 532 = -h + 4*y, -2*h - 3*y + 256 = 0. Let f = h - 75. Calculate the highest common divisor of f and n.
14
Suppose 2 = x - 4. Let u be x + 3 + (1 - 4). What is the highest common divisor of u and 3?
3
Let k(i) = -i + 4. Let m be k(0). Suppose 0 = m*p - 14 - 170. Suppose 2*l = -l + 207. What is the highest common factor of p and l?
23
Suppose 142*u - 157*u = -1680. What is the highest common factor of u and 544?
16
Let v be -3*1 - -53*(-12)/(-12). What is the greatest common divisor of v and 625?
25
Let v = 41 + -47. Let q(o) = o**3 + 7*o**2 + 4*o - 8. Let b be q(v). What is the highest common factor of b and 16?
4
Suppose y + 4*h - 33 = 0, 0 = 5*y - 4*h - 49 - 44. Let j = 22 + 27. What is the greatest common divisor of y and j?
7
Let i(z) = -z**3 - 7*z**2 - 6*z + 6. Let l be i(-6). Calculate the highest common factor of l and 282.
6
Let x(s) = -3*s + 69. Suppose 0 = -4*c + 78 - 14. Let w be x(c). What is the greatest common divisor of w and 21?
21
Let h(i) = i**3 + 19*i**2 - 5*i - 17. Let o be h(-19). Suppose a = -74 + o. Calculate the highest common factor of 12 and a.
4
Suppose 3*r = -3*o + 1335, o + 4*r + 0 - 445 = 0. Calculate the highest common divisor of o and 5.
5
Let o(w) = 22*w - 77. Let y be o(49). What is the highest common divisor of y and 77?
77
Let v = -5 - -19. Let g be (7 - 136/(-20)) + 1/5. Suppose -g*x = -10*x - 28. Calculate the greatest common divisor of v and x.
7
Let n be (-10 - (5 + -14))/(2/(-26)). Calculate the highest common divisor of 1651 and n.
13
Let r = -588 - -623. Let c = 2 - -3. Calculate the greatest common divisor of c and r.
5
Let c(x) = x**2 + 4*x. Let q be c(-6). Let b be -1*1/(-3) - (-176)/q. Calculate the greatest common factor of b and 120.
15
Suppose -s = -28 - 27. Let m be ((3 - 6) + 1)*6. Let h be (11/4)/((-3)/m). What is the greatest common divisor of s and h?
11
Suppose 0 = 2*v - x - 106, v + 2*x - 60 = 6*x. Suppose 56*p = v*p + 88. What is the greatest common divisor of p and 66?
22
Let o = 211 + -397. Let l be 4 - (-5)/((-15)/o). What is the highest common divisor of 6 and l?
6
Let a = 1012 - 1010. Suppose -3*f - 30 = -6*f. What is the highest common divisor of a and f?
2
Suppose 6*c - 2463 = 2181. Calculate the greatest common divisor of c and 36.
18
Suppose -4*t = 2*b + 6, b - 5*t = -t + 27. Calculate the highest common divisor of 1 and b.
1
Let p(d) = -18*d - 92. Let w be p(-6). Let j(c) = 3*c - 10. Let u be j(8). Suppose 5*s - 26 = u. Calculate the highest common factor of w and s.
8
Let d(c) = 4*c - 8. Let g be d(18). Let u = 77 - g. What is the greatest common factor of u and 91?
13
Let t be 238/6 + -1 - (-12)/36. Calculate the greatest common divisor of 91 and t.
13
Suppose -268*a - 2880 = -412*a. Let v = 118 - 38. Calculate the greatest common factor of a and v.
20
Let y = 26 + -24. Let f be (-24)/(-7)*49/y. Suppose -4*c = -3*u + f, -c = 4*c - 15. What is the greatest common divisor of 64 and u?
32
Let q be (-3)/(24/(-3119)) - (-55)/440. Calculate the greatest common divisor of 20 and q.
10
Let b be 2/7 + 3 + 939/21. What is the highest common factor of 60 and b?
12
Suppose -4*v = v - 20. Suppose -v*t - 8 + 40 = 0. What is the greatest common factor of t and 64?
8
Let k be 1455/27 + ((-30)/54)/(-5). What is the greatest common factor of k and 102?
6
Let q = 150 - 138. Let l be (63/27)/(2/q). Calculate the greatest common divisor of 322 and l.
14
Suppose 960 = -1581*p + 1589*p. What is the highest common divisor of 315 and p?
15
Let f(s) = -298*s + 17. Let l be f(-1). What is the highest common factor of 126 and l?
63
Let y = -91 - -121. Let a(g) = 5*g + 5. Let z(i) = 2*i + 3. Let c(h) = 6*a(h) - 10*z(h). Let n be c(1). What is the highest common divisor of n and y?
10
Suppose 3*q - 9 = -0. Suppose 0 = q*c - 4 + 1. What is the greatest common factor of 1 and c?
1
Let a = -50 - -1. Let m = a - -69. What is the highest common divisor of m and 50?
10
Let z(u) = u**2 + 9*u + 14. Let r be z(-7). Suppose -5*j + 31 = a, -j + 5*a = -r*j - 1. Calculate the greatest common factor of 15 and j.
3
Let b be (-12 + 10)*68*(-1)/2. What is the greatest common divisor of 1088 and b?
68
Suppose 1 + 8 = -r. Let p(k) = 5*k + 57. Let y be p(r). Calculate the highest common factor of y and 12.
12
Suppose 0 = -t + 1 + 4. Suppose -3*g - 4*m + 9*m = -145, 0 = 4*g + t*m - 135. Calculate the highest common factor of g and 10.
10
Let y = 1818 + -1798. Suppose 4*a = 2*a. Let v(d) = -d**3 - d + 20. Let o be v(a). Calculate the highest common divisor of o and y.
20
Let w = 103 - -173. Calculate the greatest common factor of w and 368.
92
Suppose 3*c + 2*t = 104, 4*t = -0*t - 8. Let g be ((-2)/4)/(4/(-152)). Suppose 15*z = g*z - 16. What is the greatest common divisor of c and z?
4
Suppose 5*v = 11 - 1. Let u(o) = 2*o**3 - o**2 + 5*o - 1. Let t be u(v). Calculate the highest common factor of 189 and t.
21
Let d = -1749 - -1768. Calculate the greatest common divisor of 13 and d.
1
Suppose -3*u + 5*u + c = 2, 4*c + 2 = 2*u. What is the highest common factor of 16 and u?
1
Let c(n) be the third derivative of -2*n**4 - 7*n**3/2 - 11*n**2. Let z be c(-4). Calculate the greatest common divisor of 19 and z.
19
Suppose 0 = 57*d - 69*d + 720. Calculate the greatest common divisor of d and 150.
30
Let g(c) = -6 + 16*c**2 + 70*c + c**3 - 161*c + 73*c. Let t be g(-17). Calculate the highest common divisor of 77 and t.
11
Suppose -z = z - 8. Suppose -4*u + 27 = u - z*h, -4*h = -8. What is the greatest common factor of 77 and u?
7
Suppose 2*z - 3*w + 4 + 95 = 0, 4*z = -3*w - 171. Let a be (z/(-6))/((-12)/(-40)). Let x = 75 - a. Calculate the greatest common divisor of 10 and x.
10
Suppose -5*f - 3 + 19 = 4*x, -x = -5*f - 29. Let b be (1 + 35)*x/6. Let a(c) = -34*c + 2. Let i be a(-1). Calculate the highest common factor of b and i.
18
Let n(f) = 4*f**2 + 3*f - 3. Let b be n(-2). What is the greatest common divisor of 77 and b?
7
Let t be (-818)/(-14) - (-36)/(-84). What is the highest common factor of 58 and t?
58
Let v be ((-96)/40)/(6/(-135)). Suppose 41 = 5*c + 4*i, -5*c = -2*c - i - 28. What is the highest common factor of v and c?
9
Let j be 51/34 + 1181/2. What is the greatest common divisor of 37 and j?
37
Suppose -19453 = 52*f - 81073. What is the highest common divisor of 30 and f?
15
Let w(m) be the second derivative of m**3/2 + 25*m**2/2 - 8*m. Let g be w(-8). What is the highest common divisor of g and 11?
1
Suppose 0 = 4*x - 33 - 11. Suppose 2 - 1 = w. Calculate the greatest common divisor of x and w.
1
Suppose -7*m - 1782 = -10*m. Calculate the greatest common divisor of m and 22.
22
Let w(b) = -b**3 + 10*b**2 + b + 11. Let a be w(10). Let d = a + -12. Calculate the highest common divisor of 81 and d.
9
Let q(b) = -17*b - 1. Let a be q(-1). Let s be 6*2*20/a. Suppose -2*w + 39 - 33 = 0. What is the highest common factor of s and w?
3
Let w(i) = -i**2 + 22*i + 9. Let n be w(16). Let l = n + -40. Calculate the highest common factor of 13 and l.
13
Let t be 4/3*(-2 - 1). Let h be (6/t)/((-12)/(-64)). Let l = h - -10. What is the highest common divisor of 2 and l?
2
Let t(c) = 2*c + 9. Let p be t(-6). Suppose